r when 4306 is divided by 1101?
1003
What is the remainder when 2087 is divided by 420?
407
What is the remainder when 8585 is divided by 448?
73
Calculate the remainder when 132194 is divided by 26436.
14
Calculate the remainder when 3494299 is divided by 18.
13
Calculate the remainder when 6616 is divided by 815.
96
What is the remainder when 922019 is divided by 21?
14
Calculate the remainder when 683937 is divided by 601.
600
What is the remainder when 156333 is divided by 59?
42
What is the remainder when 184006 is divided by 26286?
4
What is the remainder when 407364 is divided by 9?
6
Calculate the remainder when 23254 is divided by 7749.
7
Calculate the remainder when 1122 is divided by 130.
82
What is the remainder when 11536 is divided by 397?
23
Calculate the remainder when 14598 is divided by 4853.
39
Calculate the remainder when 9688 is divided by 322.
28
Calculate the remainder when 144568 is divided by 2126.
0
Calculate the remainder when 8432 is divided by 561.
17
Calculate the remainder when 2187 is divided by 240.
27
What is the remainder when 7523 is divided by 70?
33
Calculate the remainder when 23632 is divided by 272.
240
What is the remainder when 21300 is divided by 9?
6
What is the remainder when 158520 is divided by 11?
10
Calculate the remainder when 33311 is divided by 392.
383
Calculate the remainder when 6808 is divided by 293.
69
What is the remainder when 495 is divided by 25?
20
What is the remainder when 80797 is divided by 356?
341
What is the remainder when 180396 is divided by 60126?
18
What is the remainder when 854 is divided by 280?
14
What is the remainder when 1160 is divided by 337?
149
Calculate the remainder when 29037 is divided by 1252.
241
What is the remainder when 86999 is divided by 41?
38
What is the remainder when 5072 is divided by 1325?
1097
Calculate the remainder when 992 is divided by 187.
57
Calculate the remainder when 94122 is divided by 5.
2
Calculate the remainder when 89499 is divided by 190.
9
Calculate the remainder when 28539 is divided by 36.
27
What is the remainder when 2913 is divided by 882?
267
What is the remainder when 7315 is divided by 333?
322
Calculate the remainder when 137332 is divided by 73.
19
Calculate the remainder when 196479 is divided by 40.
39
Calculate the remainder when 234091 is divided by 19507.
7
Calculate the remainder when 204 is divided by 115.
89
What is the remainder when 41923 is divided by 43?
41
Calculate the remainder when 28593 is divided by 637.
565
What is the remainder when 1281308 is divided by 27?
23
Calculate the remainder when 506860 is divided by 480.
460
Calculate the remainder when 116497 is divided by 233.
230
Calculate the remainder when 2133 is divided by 170.
93
What is the remainder when 11516 is divided by 339?
329
What is the remainder when 38239 is divided by 32?
31
Calculate the remainder when 6783 is divided by 5933.
850
What is the remainder when 967 is divided by 432?
103
Calculate the remainder when 98263 is divided by 38.
33
Calculate the remainder when 11461 is divided by 889.
793
What is the remainder when 2937 is divided by 425?
387
What is the remainder when 33355 is divided by 13?
10
What is the remainder when 66375 is divided by 536?
447
What is the remainder when 517 is divided by 7?
6
Calculate the remainder when 360284 is divided by 834.
830
What is the remainder when 34378 is divided by 514?
454
What is the remainder when 843 is divided by 266?
45
What is the remainder when 14428 is divided by 115?
53
What is the remainder when 55088 is divided by 281?
12
Calculate the remainder when 4702 is divided by 232.
62
What is the remainder when 4961 is divided by 222?
77
Calculate the remainder when 27657 is divided by 1327.
1117
What is the remainder when 2547 is divided by 556?
323
Calculate the remainder when 23176 is divided by 170.
56
What is the remainder when 894271 is divided by 3011?
4
What is the remainder when 5596 is divided by 315?
241
What is the remainder when 704116 is divided by 290?
286
Calculate the remainder when 6203 is divided by 144.
11
Calculate the remainder when 25101 is divided by 54.
45
Calculate the remainder when 12090 is divided by 2015.
0
What is the remainder when 326 is divided by 154?
18
Calculate the remainder when 11593 is divided by 5790.
13
What is the remainder when 1315 is divided by 657?
1
Calculate the remainder when 13033 is divided by 419.
44
What is the remainder when 141613 is divided by 306?
241
Calculate the remainder when 105135 is divided by 22.
19
What is the remainder when 296058 is divided by 383?
382
What is the remainder when 9613 is divided by 135?
28
What is the remainder when 38975 is divided by 178?
171
What is the remainder when 883 is divided by 832?
51
Calculate the remainder when 778924 is divided by 356.
352
Calculate the remainder when 50102 is divided by 2774.
170
Calculate the remainder when 7906 is divided by 3661.
584
What is the remainder when 39201 is divided by 51?
33
What is the remainder when 80024 is divided by 721?
714
What is the remainder when 18973 is divided by 6319?
16
What is the remainder when 10932 is divided by 696?
492
What is the remainder when 44481 is divided by 83?
76
What is the remainder when 668 is divided by 242?
184
Calculate the remainder when 21557 is divided by 542.
419
What is the remainder when 5818 is divided by 985?
893
What is the remainder when 33164 is divided by 14?
12
Calculate the remainder when 1313 is divided by 1209.
104
Calculate the remainder when 134452 is divided by 28.
24
What is the remainder when 5293 is divided by 2193?
907
What is the remainder when 904322 is divided by 167?
17
Calculate the remainder when 34400 is divided by 198.
146
Calculate the remainder when 18324 is divided by 18070.
254
What is the remainder when 3619 is divided by 173?
159
What is the remainder when 60203 is divided by 654?
35
What is the remainder when 1146 is divided by 297?
255
What is the remainder when 32459 is divided by 61?
7
What is the remainder when 366838 is divided by 30?
28
What is the remainder when 10986 is divided by 314?
310
Calculate the remainder when 2483 is divided by 2021.
462
What is the remainder when 987127 is divided by 5484?
7
What is the remainder when 985 is divided by 294?
103
Calculate the remainder when 1828 is divided by 178.
48
What is the remainder when 4520 is divided by 1347?
479
What is the remainder when 4489163 is divided by 545?
543
What is the remainder when 2271 is divided by 485?
331
Calculate the remainder when 1537766 is divided by 63.
62
Calculate the remainder when 11495 is divided by 50.
45
Calculate the remainder when 16277 is divided by 307.
6
Calculate the remainder when 49093 is divided by 16363.
4
What is the remainder when 5059 is divided by 169?
158
Calculate the remainder when 476356 is divided by 17.
16
Calculate the remainder when 139166 is divided by 15.
11
Calculate the remainder when 7499 is divided by 1471.
144
What is the remainder when 6170 is divided by 1935?
365
What is the remainder when 257 is divided by 169?
88
What is the remainder when 459 is divided by 155?
149
Calculate the remainder when 33087 is divided by 105.
12
What is the remainder when 3155 is divided by 27?
23
What is the remainder when 1059424 is divided by 18?
16
Calculate the remainder when 986 is divided by 466.
54
Calculate the remainder when 5303 is divided by 41.
14
What is the remainder when 7093 is divided by 226?
87
Calculate the remainder when 18642 is divided by 15.
12
Calculate the remainder when 220066 is divided by 840.
826
What is the remainder when 860 is divided by 88?
68
Calculate the remainder when 4354 is divided by 17.
2
Calculate the remainder when 667 is divided by 516.
151
What is the remainder when 33523 is divided by 202?
193
Calculate the remainder when 231905 is divided by 33128.
9
Calculate the remainder when 4710 is divided by 261.
12
Calculate the remainder when 1245 is divided by 858.
387
What is the remainder when 7104 is divided by 49?
48
What is the remainder when 1255071 is divided by 1456?
1455
Calculate the remainder when 115444 is divided by 10484.
120
What is the remainder when 774355 is divided by 26?
23
Calculate the remainder when 22792 is div